{"id":2,"date":"2022-08-31T20:02:42","date_gmt":"2022-08-31T20:02:42","guid":{"rendered":"http:\/\/seksualliv.dk\/?page_id=2"},"modified":"2023-03-11T16:11:05","modified_gmt":"2023-03-11T16:11:05","slug":"sample-page","status":"publish","type":"page","link":"https:\/\/seksualliv.dk\/?page_id=2","title":{"rendered":"Sample Page"},"content":{"rendered":"<div data-colibri-id=\"2-c1\" class=\"style-469 style-local-2-c1 position-relative\">\n  <!---->\n  <div data-colibri-component=\"section\" data-colibri-id=\"2-c2\" id=\"about\" class=\"h-section h-section-global-spacing d-flex align-items-lg-center align-items-md-center align-items-center style-478 style-local-2-c2 position-relative\">\n    <!---->\n    <!---->\n    <div class=\"h-section-grid-container h-section-boxed-container\">\n      <!---->\n      <div data-colibri-id=\"2-c3\" class=\"h-row-container gutters-row-lg-0 gutters-row-md-0 gutters-row-0 gutters-row-v-lg-0 gutters-row-v-md-0 gutters-row-v-0 style-479 style-local-2-c3 position-relative\">\n        <!---->\n        <div class=\"h-row justify-content-lg-center justify-content-md-center justify-content-center align-items-lg-stretch align-items-md-stretch align-items-stretch gutters-col-lg-0 gutters-col-md-0 gutters-col-0 gutters-col-v-lg-0 gutters-col-v-md-0 gutters-col-v-0\">\n          <!---->\n          <div class=\"h-column h-column-container d-flex h-col-lg-auto h-col-md-auto h-col-auto style-480-outer style-local-2-c4-outer\">\n            <div data-colibri-id=\"2-c4\" class=\"d-flex h-flex-basis h-column__inner h-px-lg-0 h-px-md-0 h-px-0 v-inner-lg-0 v-inner-md-0 v-inner-0 style-480 style-local-2-c4 position-relative\">\n              <!---->\n              <!---->\n              <div class=\"w-100 h-y-container h-column__content h-column__v-align flex-basis-100 align-self-lg-start align-self-md-start align-self-start\">\n                <!---->\n                <div data-colibri-id=\"2-c5\" class=\"h-global-transition-all h-heading style-482 style-local-2-c5 position-relative h-element\">\n                  <!---->\n                  <div class=\"h-heading__outer style-482 style-local-2-c5\">\n                    <!---->\n                    <!---->\n                    <h2 class=\"\">&#8220;Hold Me Tight&#8221; &#8211; et kursus for par, der vil styrke forholdet<\/h2>\n                  <\/div>\n                <\/div>\n                <div data-colibri-id=\"2-c7\" class=\"d-block style-490 style-local-2-c7 position-relative h-element\">\n                  <!---->\n                  <div class=\"h-image__frame-container-outer\">\n                    <div class=\"h-image__frame-container\">\n                      <!---->\n                      <!---->\n                      <img loading=\"lazy\" decoding=\"async\" width=\"1707\" height=\"2560\" src=\"http:\/\/seksualliv.dk\/wp-content\/uploads\/2022\/09\/pexels-marcus-aurelius-6787850-scaled.jpg\" class=\"wp-image-459 style-490-image style-local-2-c7-image\" alt=\"\" srcset=\"https:\/\/seksualliv.dk\/wp-content\/uploads\/2022\/09\/pexels-marcus-aurelius-6787850-scaled.jpg 1707w, https:\/\/seksualliv.dk\/wp-content\/uploads\/2022\/09\/pexels-marcus-aurelius-6787850-200x300.jpg 200w, https:\/\/seksualliv.dk\/wp-content\/uploads\/2022\/09\/pexels-marcus-aurelius-6787850-683x1024.jpg 683w, https:\/\/seksualliv.dk\/wp-content\/uploads\/2022\/09\/pexels-marcus-aurelius-6787850-768x1152.jpg 768w, https:\/\/seksualliv.dk\/wp-content\/uploads\/2022\/09\/pexels-marcus-aurelius-6787850-1024x1536.jpg 1024w, https:\/\/seksualliv.dk\/wp-content\/uploads\/2022\/09\/pexels-marcus-aurelius-6787850-1365x2048.jpg 1365w\" sizes=\"auto, (max-width: 1707px) 100vw, 1707px\" \/>\n                      <div class=\"h-image__frame h-hide-lg h-hide-md h-hide-sm style-490-frameImage style-local-2-c7-frameImage\"><\/div>\n                    <\/div>\n                  <\/div>\n                <\/div>\n                <div data-colibri-id=\"2-c6\" class=\"h-text h-text-component style-483 style-local-2-c6 position-relative h-element\">\n                  <!---->\n                  <!---->\n                  <div class=\"\">\n                    <p><span style=\"font-family: &quot;Times New Roman&quot;, serif;\">Vi inviterer til kursus for par, der gerne vil udvikle k\u00e6rlighedens og parforholdets styrke. <\/span><\/p>\n                    <p><span style=\"font-family: &quot;Times New Roman&quot;, serif;\">Vi er et modent par, der br\u00e6nder for at give jer gode og trygge rammer for arbejdet med at blive klogere p\u00e5 jer selv og jeres parforhold.<\/span><em style=\"font-family: &quot;Times New Roman&quot;, serif; font-size: 10pt;\"> <\/em>\n                      <span\n                        style=\"font-family: &quot;Times New Roman&quot;, serif;\">Det er ikke terapi, men \u00f8velser og opl\u00e6g, som vil hj\u00e6lpe jer med at f\u00e5 \u00f8je p\u00e5 jeres parforholds styrker og uhensigtsm\u00e6ssige m\u00f8nstre og give jer redskaber, der styrker tillid, n\u00e6rv\u00e6r og tryghed i jeres parforhold.<\/span>\n                    <\/p>\n                    <p><span style=\"font-family: &quot;Times New Roman&quot;, serif;\">Der er plads til 8 par p\u00e5 holdet, men \u00f8velserne laver I naturligvis med jeres partner. <\/span><\/p>\n                    <p><span style=\"font-family: &quot;Times New Roman&quot;, serif;\">Vi er begge EFT certificerede undervisere, og vi har begge arbejdet med parforhold og udvikling gennem mange \u00e5r. <\/span><\/p>\n                    <p><span style=\"font-family: &quot;Times New Roman&quot;, serif;\"> <\/span><\/p>\n                    <p><strong style=\"font-family: &quot;Times New Roman&quot;, serif;\">Kurset inkluderer: <\/strong><\/p>\n                    <p><span style=\"font-family: &quot;Times New Roman&quot;, serif;\">Bogen \u201dHold mig\u201d af Sue Johnson<\/span><\/p>\n                    <p><span style=\"font-family: &quot;Times New Roman&quot;, serif;\">Undervisningsmaterialer<\/span><\/p>\n                    <p>\n                      <br>\n                    <\/p>\n                    <p><strong style=\"font-family: &quot;Times New Roman&quot;, serif; font-size: 14pt;\">Foresp\u00f8rgsel om n\u00e6ste kursus:<\/strong><span style=\"font-family: &quot;Times New Roman&quot;, serif;\"> Skriv mail til <\/span>\n                      <a href=\"mailto:mail@partilpar-terapi.dk\"\n                        style=\"font-family: &quot;Times New Roman&quot;, serif;\">mail@partilpar-terapi.dk<\/a>\n                    <\/p>\n                    <p><span style=\"font-family: &quot;Times New Roman&quot;, serif;\">I kan ogs\u00e5 kontakte os p\u00e5 mobil nr. 21797506<\/span><\/p>\n                    <p><span style=\"font-family: &quot;Times New Roman&quot;, serif;\">Vi gl\u00e6der os til at m\u00f8de jer <\/span><span style=\"font-family: Wingdings;\">\uf04a<\/span><\/p>\n                    <p><span style=\"font-family: &quot;Times New Roman&quot;, serif;\">Hilsen Helle Gammelgaard Kristensen og Hardy V\u00f8lund<\/span><\/p>\n                    <p><span style=\"font-family: &quot;Times New Roman&quot;, serif;\">Undervisere p\u00e5 \u201dHold me tight\u201d<\/span><\/p>\n                    <p><strong style=\"font-family: &quot;Times New Roman&quot;, serif;\">Mail: <\/strong>\n                      <a href=\"mailto:mail@partilpar-terapi.dk\" style=\"font-family: &quot;Times New Roman&quot;, serif;\">mail@partilpar-terapi.dk<\/a>\n                    <\/p>\n                    <p><strong style=\"font-family: &quot;Times New Roman&quot;, serif;\">Mobil: 21797506<\/strong><\/p>\n                  <\/div>\n                <\/div>\n              <\/div>\n            <\/div>\n          <\/div>\n        <\/div>\n      <\/div>\n    <\/div>\n  <\/div>\n<\/div>","protected":false},"excerpt":{"rendered":"<p>&#8220;Hold Me Tight&#8221; &#8211; et kursus for par, der vil styrke forholdet Vi inviterer til kursus for par, der gerne vil udvikle k\u00e6rlighedens og parforholdets styrke. Vi er et modent par, der br\u00e6nder for at give jer gode og trygge rammer for arbejdet med at blive klogere p\u00e5 jer selv og jeres parforhold. Det er [&hellip;]<\/p>\n","protected":false},"author":1,"featured_media":0,"parent":0,"menu_order":0,"comment_status":"closed","ping_status":"open","template":"page-templates\/full-width-page.php","meta":{"footnotes":""},"class_list":["post-2","page","type-page","status-publish","hentry"],"yoast_head":"<!-- This site is optimized with the Yoast SEO plugin v24.5 - https:\/\/yoast.com\/wordpress\/plugins\/seo\/ -->\n<title>Sample Page - Seksualliv<\/title>\n<meta name=\"robots\" content=\"index, follow, max-snippet:-1, max-image-preview:large, max-video-preview:-1\" \/>\n<link rel=\"canonical\" href=\"https:\/\/seksualliv.dk\/?page_id=2\" \/>\n<meta property=\"og:locale\" content=\"da_DK\" \/>\n<meta property=\"og:type\" content=\"article\" \/>\n<meta property=\"og:title\" content=\"Sample Page - Seksualliv\" \/>\n<meta property=\"og:description\" content=\"&#8220;Hold Me Tight&#8221; &#8211; et kursus for par, der vil styrke forholdet Vi inviterer til kursus for par, der gerne vil udvikle k\u00e6rlighedens og parforholdets styrke. Vi er et modent par, der br\u00e6nder for at give jer gode og trygge rammer for arbejdet med at blive klogere p\u00e5 jer selv og jeres parforhold. Det er [&hellip;]\" \/>\n<meta property=\"og:url\" content=\"https:\/\/seksualliv.dk\/?page_id=2\" \/>\n<meta property=\"og:site_name\" content=\"Seksualliv\" \/>\n<meta property=\"article:publisher\" content=\"https:\/\/www.facebook.com\/partilpar-terapi\" \/>\n<meta property=\"article:modified_time\" content=\"2023-03-11T16:11:05+00:00\" \/>\n<meta property=\"og:image\" content=\"http:\/\/seksualliv.dk\/wp-content\/uploads\/2022\/09\/pexels-marcus-aurelius-6787850-scaled.jpg\" \/>\n<meta name=\"twitter:card\" content=\"summary_large_image\" \/>\n<meta name=\"twitter:label1\" content=\"Estimeret l\u00e6setid\" \/>\n\t<meta name=\"twitter:data1\" content=\"1 minut\" \/>\n<script type=\"application\/ld+json\" class=\"yoast-schema-graph\">{\"@context\":\"https:\/\/schema.org\",\"@graph\":[{\"@type\":\"WebPage\",\"@id\":\"https:\/\/seksualliv.dk\/?page_id=2\",\"url\":\"https:\/\/seksualliv.dk\/?page_id=2\",\"name\":\"Sample Page - Seksualliv\",\"isPartOf\":{\"@id\":\"https:\/\/seksualliv.dk\/#website\"},\"primaryImageOfPage\":{\"@id\":\"https:\/\/seksualliv.dk\/?page_id=2#primaryimage\"},\"image\":{\"@id\":\"https:\/\/seksualliv.dk\/?page_id=2#primaryimage\"},\"thumbnailUrl\":\"http:\/\/seksualliv.dk\/wp-content\/uploads\/2022\/09\/pexels-marcus-aurelius-6787850-scaled.jpg\",\"datePublished\":\"2022-08-31T20:02:42+00:00\",\"dateModified\":\"2023-03-11T16:11:05+00:00\",\"breadcrumb\":{\"@id\":\"https:\/\/seksualliv.dk\/?page_id=2#breadcrumb\"},\"inLanguage\":\"da-DK\",\"potentialAction\":[{\"@type\":\"ReadAction\",\"target\":[\"https:\/\/seksualliv.dk\/?page_id=2\"]}]},{\"@type\":\"ImageObject\",\"inLanguage\":\"da-DK\",\"@id\":\"https:\/\/seksualliv.dk\/?page_id=2#primaryimage\",\"url\":\"https:\/\/seksualliv.dk\/wp-content\/uploads\/2022\/09\/pexels-marcus-aurelius-6787850-scaled.jpg\",\"contentUrl\":\"https:\/\/seksualliv.dk\/wp-content\/uploads\/2022\/09\/pexels-marcus-aurelius-6787850-scaled.jpg\",\"width\":1707,\"height\":2560},{\"@type\":\"BreadcrumbList\",\"@id\":\"https:\/\/seksualliv.dk\/?page_id=2#breadcrumb\",\"itemListElement\":[{\"@type\":\"ListItem\",\"position\":1,\"name\":\"Hjem\",\"item\":\"https:\/\/seksualliv.dk\/\"},{\"@type\":\"ListItem\",\"position\":2,\"name\":\"Sample Page\"}]},{\"@type\":\"WebSite\",\"@id\":\"https:\/\/seksualliv.dk\/#website\",\"url\":\"https:\/\/seksualliv.dk\/\",\"name\":\"Seksualliv\",\"description\":\"Alle har brug for n&aelig;rhed og intimitet\",\"publisher\":{\"@id\":\"https:\/\/seksualliv.dk\/#organization\"},\"potentialAction\":[{\"@type\":\"SearchAction\",\"target\":{\"@type\":\"EntryPoint\",\"urlTemplate\":\"https:\/\/seksualliv.dk\/?s={search_term_string}\"},\"query-input\":{\"@type\":\"PropertyValueSpecification\",\"valueRequired\":true,\"valueName\":\"search_term_string\"}}],\"inLanguage\":\"da-DK\"},{\"@type\":\"Organization\",\"@id\":\"https:\/\/seksualliv.dk\/#organization\",\"name\":\"Seksualliv\",\"url\":\"https:\/\/seksualliv.dk\/\",\"logo\":{\"@type\":\"ImageObject\",\"inLanguage\":\"da-DK\",\"@id\":\"https:\/\/seksualliv.dk\/#\/schema\/logo\/image\/\",\"url\":\"https:\/\/seksualliv.dk\/wp-content\/uploads\/2025\/01\/cropped-cropped-Logo-FB-2111x412-1.jpg\",\"contentUrl\":\"https:\/\/seksualliv.dk\/wp-content\/uploads\/2025\/01\/cropped-cropped-Logo-FB-2111x412-1.jpg\",\"width\":2110,\"height\":418,\"caption\":\"Seksualliv\"},\"image\":{\"@id\":\"https:\/\/seksualliv.dk\/#\/schema\/logo\/image\/\"},\"sameAs\":[\"https:\/\/www.facebook.com\/partilpar-terapi\",\"https:\/\/www.instagram.com\/partilpar.terapi\"]}]}<\/script>\n<!-- \/ Yoast SEO plugin. -->","yoast_head_json":{"title":"Sample Page - Seksualliv","robots":{"index":"index","follow":"follow","max-snippet":"max-snippet:-1","max-image-preview":"max-image-preview:large","max-video-preview":"max-video-preview:-1"},"canonical":"https:\/\/seksualliv.dk\/?page_id=2","og_locale":"da_DK","og_type":"article","og_title":"Sample Page - Seksualliv","og_description":"&#8220;Hold Me Tight&#8221; &#8211; et kursus for par, der vil styrke forholdet Vi inviterer til kursus for par, der gerne vil udvikle k\u00e6rlighedens og parforholdets styrke. Vi er et modent par, der br\u00e6nder for at give jer gode og trygge rammer for arbejdet med at blive klogere p\u00e5 jer selv og jeres parforhold. Det er [&hellip;]","og_url":"https:\/\/seksualliv.dk\/?page_id=2","og_site_name":"Seksualliv","article_publisher":"https:\/\/www.facebook.com\/partilpar-terapi","article_modified_time":"2023-03-11T16:11:05+00:00","og_image":[{"url":"http:\/\/seksualliv.dk\/wp-content\/uploads\/2022\/09\/pexels-marcus-aurelius-6787850-scaled.jpg","type":"","width":"","height":""}],"twitter_card":"summary_large_image","twitter_misc":{"Estimeret l\u00e6setid":"1 minut"},"schema":{"@context":"https:\/\/schema.org","@graph":[{"@type":"WebPage","@id":"https:\/\/seksualliv.dk\/?page_id=2","url":"https:\/\/seksualliv.dk\/?page_id=2","name":"Sample Page - Seksualliv","isPartOf":{"@id":"https:\/\/seksualliv.dk\/#website"},"primaryImageOfPage":{"@id":"https:\/\/seksualliv.dk\/?page_id=2#primaryimage"},"image":{"@id":"https:\/\/seksualliv.dk\/?page_id=2#primaryimage"},"thumbnailUrl":"http:\/\/seksualliv.dk\/wp-content\/uploads\/2022\/09\/pexels-marcus-aurelius-6787850-scaled.jpg","datePublished":"2022-08-31T20:02:42+00:00","dateModified":"2023-03-11T16:11:05+00:00","breadcrumb":{"@id":"https:\/\/seksualliv.dk\/?page_id=2#breadcrumb"},"inLanguage":"da-DK","potentialAction":[{"@type":"ReadAction","target":["https:\/\/seksualliv.dk\/?page_id=2"]}]},{"@type":"ImageObject","inLanguage":"da-DK","@id":"https:\/\/seksualliv.dk\/?page_id=2#primaryimage","url":"https:\/\/seksualliv.dk\/wp-content\/uploads\/2022\/09\/pexels-marcus-aurelius-6787850-scaled.jpg","contentUrl":"https:\/\/seksualliv.dk\/wp-content\/uploads\/2022\/09\/pexels-marcus-aurelius-6787850-scaled.jpg","width":1707,"height":2560},{"@type":"BreadcrumbList","@id":"https:\/\/seksualliv.dk\/?page_id=2#breadcrumb","itemListElement":[{"@type":"ListItem","position":1,"name":"Hjem","item":"https:\/\/seksualliv.dk\/"},{"@type":"ListItem","position":2,"name":"Sample Page"}]},{"@type":"WebSite","@id":"https:\/\/seksualliv.dk\/#website","url":"https:\/\/seksualliv.dk\/","name":"Seksualliv","description":"Alle har brug for n&aelig;rhed og intimitet","publisher":{"@id":"https:\/\/seksualliv.dk\/#organization"},"potentialAction":[{"@type":"SearchAction","target":{"@type":"EntryPoint","urlTemplate":"https:\/\/seksualliv.dk\/?s={search_term_string}"},"query-input":{"@type":"PropertyValueSpecification","valueRequired":true,"valueName":"search_term_string"}}],"inLanguage":"da-DK"},{"@type":"Organization","@id":"https:\/\/seksualliv.dk\/#organization","name":"Seksualliv","url":"https:\/\/seksualliv.dk\/","logo":{"@type":"ImageObject","inLanguage":"da-DK","@id":"https:\/\/seksualliv.dk\/#\/schema\/logo\/image\/","url":"https:\/\/seksualliv.dk\/wp-content\/uploads\/2025\/01\/cropped-cropped-Logo-FB-2111x412-1.jpg","contentUrl":"https:\/\/seksualliv.dk\/wp-content\/uploads\/2025\/01\/cropped-cropped-Logo-FB-2111x412-1.jpg","width":2110,"height":418,"caption":"Seksualliv"},"image":{"@id":"https:\/\/seksualliv.dk\/#\/schema\/logo\/image\/"},"sameAs":["https:\/\/www.facebook.com\/partilpar-terapi","https:\/\/www.instagram.com\/partilpar.terapi"]}]}},"_links":{"self":[{"href":"https:\/\/seksualliv.dk\/index.php?rest_route=\/wp\/v2\/pages\/2","targetHints":{"allow":["GET"]}}],"collection":[{"href":"https:\/\/seksualliv.dk\/index.php?rest_route=\/wp\/v2\/pages"}],"about":[{"href":"https:\/\/seksualliv.dk\/index.php?rest_route=\/wp\/v2\/types\/page"}],"author":[{"embeddable":true,"href":"https:\/\/seksualliv.dk\/index.php?rest_route=\/wp\/v2\/users\/1"}],"replies":[{"embeddable":true,"href":"https:\/\/seksualliv.dk\/index.php?rest_route=%2Fwp%2Fv2%2Fcomments&post=2"}],"version-history":[{"count":5,"href":"https:\/\/seksualliv.dk\/index.php?rest_route=\/wp\/v2\/pages\/2\/revisions"}],"predecessor-version":[{"id":524,"href":"https:\/\/seksualliv.dk\/index.php?rest_route=\/wp\/v2\/pages\/2\/revisions\/524"}],"wp:attachment":[{"href":"https:\/\/seksualliv.dk\/index.php?rest_route=%2Fwp%2Fv2%2Fmedia&parent=2"}],"curies":[{"name":"wp","href":"https:\/\/api.w.org\/{rel}","templated":true}]}}